tor of 7 and m?
7
Let i(u) = -4*u**2 - 1. Let t be i(-1). Let j = t - -13. What is the greatest common divisor of j and 8?
8
Suppose 2*z = -3*o + 5, 4*z + 3*o - 1 = -0*o. Let y be 11*(z - -7) - -2. What is the greatest common factor of 38 and y?
19
Let s be (-3)/2*(-20)/3. Suppose -k + 5 = -6*k, 0 = -4*l + 5*k + 365. Calculate the greatest common factor of l and s.
10
Let z(m) = -m**2 - m + 188. Let f = -3 - -3. Let q be z(f). Let c = q + -108. What is the greatest common divisor of 20 and c?
20
Let m(h) = -2 + 1 + 2*h + h - h. Let f be m(2). Suppose p + f*p - 52 = 0. What is the greatest common factor of p and 104?
13
Let t(j) = 4*j. Let h be t(2). Let v be (8/(-3))/((-10)/15). Suppose 2*w = -0*p + v*p - 52, 2*p = -w + 22. Calculate the greatest common divisor of h and p.
4
Let i = -16 - -23. Let v = -3 + 52. Calculate the greatest common divisor of i and v.
7
Let n be (-9)/(-12) + (-1)/(-4). Let l be 2/(-5)*(n - -109). Let o be ((-6)/2)/(-3) - l. What is the greatest common factor of 5 and o?
5
Suppose -2*d + 6*k + 6 = 5*k, d = -2*k - 7. Let x(b) = -10*b + 1. Let f be x(-1). What is the greatest common divisor of d and f?
1
Suppose 0 = -4*x + 5*i + 25, 2*x - 4*x + 14 = -2*i. Suppose 3*n - n - x = 0. Suppose -5*z + 50 = -n. Calculate the highest common divisor of 99 and z.
11
Suppose 0 = 5*g - 2*g + 81. Let z be (-2)/(-8) - g/4. Suppose -172 = -5*d - 3*y, -4*y + 3*y - 36 = -d. Calculate the greatest common divisor of z and d.
7
Suppose -2*g - g - 150 = -3*f, -2*g = -3*f + 151. Let o = f - 7. Calculate the highest common divisor of 11 and o.
11
Suppose 24*p = 26*p - l - 18, 0 = p + 5*l - 20. Suppose 49 = 4*o + 3*g, 25 = 4*o - 3*o + 5*g. What is the greatest common factor of p and o?
10
Let q(b) = -2*b**3 + 8*b**2 + 2*b - 1. Let s be q(6). Let m = -93 - s. Calculate the highest common divisor of m and 5.
5
Let w be (3 - 7)*9/(-6). Let l(d) = -d - 8. Let b be l(-10). What is the highest common divisor of w and b?
2
Let l be (-4)/6 - (-164)/3. What is the greatest common factor of 81 and l?
27
Let c be (-4)/6*-3*4. Let z = c - 5. Suppose 244 = z*v - 4*l, -2*v + l + 164 = -2*l. What is the greatest common divisor of 19 and v?
19
Let p be (6/(-8))/(2/(-216)). Suppose 0 = -3*r - r + 16. Let g be r/20 + (-44)/(-5). What is the highest common factor of p and g?
9
Let s be (-8 + 3)/((-2)/862). Suppose -6*r = -r - s. Suppose -2*u + 3*l + 113 = -110, -4*u + 3*l = -r. What is the highest common factor of 13 and u?
13
Let s = 288 - 148. Suppose -5*j + s = -j. Let w(f) = -f**2 - 7*f + 7. Let h be w(-7). What is the greatest common divisor of j and h?
7
Let n = 11 - 8. Suppose -m + 196 = n*m. Let z be 2/7 - 94/(-14). Calculate the highest common divisor of z and m.
7
Suppose -4*x + 2*x = 4*f, 0 = 3*f + 2*x. Suppose f*y = -y. Suppose 4*z + 4*q - 52 = y, 25 = 5*z - 6*q + 3*q. Calculate the greatest common factor of z and 24.
8
Let x be (32/6)/((-2)/(-57)). What is the highest common divisor of 38 and x?
38
Suppose 10 = 5*y + 3*v, 2*y + 7 = v - 0*v. Let c = 1 + y. Suppose c = 2*u - 0*u - 18. What is the greatest common factor of 99 and u?
9
Let d = -18 - -21. Suppose s + 3*s + 2*i - 26 = 0, d*i + 42 = 3*s. What is the highest common factor of 9 and s?
9
Let b(z) = z + 5. Let v be b(6). Suppose 4*y - v = 49. Let c = 4 + -1. Calculate the greatest common factor of c and y.
3
Let q be 5 - 4 - (1 + -325). Suppose -q = -4*o - o. What is the highest common factor of 13 and o?
13
Suppose 0 = 3*b - 5*b - 84. Let d = b + 70. Calculate the highest common divisor of d and 4.
4
Let b = -98 + 196. Let i = b - -19. What is the highest common divisor of i and 13?
13
Let x = 2 - 0. Let n = 19 + -15. Suppose -4*v - 7 = -c - x, -4*c + 32 = -n*v. What is the highest common divisor of c and 9?
9
Let g be 7*((-2)/(-6))/(1/15). What is the highest common factor of g and 14?
7
Suppose -5*r + 65 - 5 = 0. What is the highest common divisor of r and 60?
12
Let l = -98 - -170. What is the greatest common factor of l and 8?
8
Let g be (-27)/(-9)*(5 + -1). What is the highest common divisor of 20 and g?
4
Let o(j) = 26*j**2 - 4*j - 5. Let y be o(5). Let n be (12 + -6)*(-1)/4*-2. Suppose -y = -n*p - 247. What is the highest common factor of p and 14?
14
Let j(i) = i + 14. Let m be j(-12). Calculate the greatest common factor of 18 and m.
2
Suppose 0 = -4*q + 346 - 122. Calculate the greatest common divisor of q and 8.
8
Let w = -5 - 2. Let o = w - -14. What is the greatest common divisor of 63 and o?
7
Suppose -71 = -3*p - 20. Let i = p - -4. What is the greatest common factor of 168 and i?
21
Let x be 5/(-15) + -2 + 75/9. What is the greatest common factor of x and 30?
6
Suppose l + 0*l = 5*v + 80, -260 = -5*l - 3*v. What is the greatest common divisor of l and 22?
11
Let t be -3 - (5 - 3 - 194). Let w(d) = -d**3 + 8*d**2 - 7*d - 3. Let c be w(6). What is the highest common divisor of t and c?
27
Let v = 110 + -78. Suppose 3*r - 4 = 2*r. What is the greatest common factor of r and v?
4
Let u = -49 + 79. What is the highest common factor of 120 and u?
30
Suppose 5*t = 5*h + 10, 17 = 2*t + 2*t + 5*h. Suppose 0 = 2*o - t*o + 4. Suppose 0 = -v + x + 5, 0*x = 2*x - 6. What is the greatest common divisor of v and o?
4
Suppose 5*x = 4*x + 4*f + 23, -x - 5*f - 22 = 0. Suppose -x*y = -v + y + 251, -5*v + 1150 = y. Calculate the greatest common factor of v and 21.
21
Let t = 44 + -26. Calculate the highest common divisor of t and 45.
9
Let q(y) = -y**3 + 9*y**2 + 8*y + 2. Let v be q(10). Let t be (v/4)/((-6)/12). What is the highest common divisor of t and 81?
9
Let q(g) = 5*g**2 - 2*g - 1. Let n be q(2). Let b be (0 - -2) + 55 - -3. Calculate the highest common divisor of n and b.
15
Let j be 7 + 0 + 0 + -2. Calculate the highest common divisor of j and 40.
5
Let u = 8 + -6. Suppose 6*r = u*r + 100. Calculate the highest common divisor of 25 and r.
25
Suppose -2*d + 78 = -4*x, -x + 0*d - 2*d = 22. Let r = x - -30. Calculate the greatest common divisor of 20 and r.
10
Let x = 467 - 282. What is the highest common divisor of 37 and x?
37
Let h = 16 - 14. Suppose 0*r - 24 = -h*r. What is the greatest common divisor of 36 and r?
12
Suppose 3*s + 5*l - 2 - 35 = 0, -s + 3*l = 11. Suppose -2*z - s*o = -188, -z + 0*o + 97 = 3*o. What is the highest common factor of 11 and z?
11
Suppose 5*t - 103 = -28. Suppose y = 5*i - 10, -y + 1 = 5*i - 19. Suppose 2*o = o + i. What is the highest common factor of o and t?
3
Suppose 2*c + 22 = -4*h - 3*c, 2*h - 3*c = 0. Let m(g) = g**2 - g - 2. Let s be m(h). What is the greatest common factor of s and 90?
10
Let x(k) = 2*k - 9*k + 12 + k**2 - 2*k**2 - 8*k. Let s be x(-12). Suppose 2*i + 2*i - 48 = 0. Calculate the greatest common factor of s and i.
12
Let n = 19 - 19. Suppose 2*d + n*d - 198 = 0. What is the highest common factor of d and 11?
11
Let f = 52 + -37. Let v(i) = 5*i - 5. Suppose 0 = d + 1 - 5. Let c be v(d). Calculate the greatest common factor of c and f.
15
Let i be (-405)/21 + (-2)/(-7). Let s be i/(-3) - (-8)/(-24). What is the greatest common divisor of 9 and s?
3
Let g be (2/4)/(1/(-10)). Let c be (2 + g)/(6/(-136)). Let b(r) = -18*r**3 - r**2 - r - 1. Let i be b(-1). What is the highest common factor of i and c?
17
Let i be (-8)/20 - (-42)/5. Suppose 4*j - 12 = i. Suppose -j*q - 45 = -570. What is the highest common divisor of q and 15?
15
Let g be (2/(-4))/((-14)/616). Suppose 0 = -2*v + t + 128, 0*t + 182 = 3*v - 4*t. Calculate the highest common factor of g and v.
22
Let u(l) = -l**2 + 6*l + 10. Let z be u(7). What is the highest common divisor of 12 and z?
3
Let w(b) = -b**3 - 2*b**2 - 8. Let j be w(-4). Calculate the highest common factor of j and 120.
24
Suppose 0 = -3*z - 17 + 260. Let u be (-56)/(-6) - 1/3. Calculate the greatest common factor of z and u.
9
Suppose 13*p = 10*p + 42. What is the highest common factor of 7 and p?
7
Let z(a) = 3*a - 3. Let c be z(4). Calculate the greatest common divisor of c and 1.
1
Let n be (-1)/(-5) - (2667/(-15) + 3). What is the highest common divisor of n and 25?
25
Let b be (2 + 2)*2 - 0. What is the highest common divisor of b and 24?
8
Let d be ((-12)/9)/((-2)/3). Let x be 15 - d*(-9)/6. Let t be 125 + (1 - 0 - 0). What is the highest common divisor of x and t?
18
Let q be 3 - 9*-3 - -3. Calculate 